+ -8 - 4) - -17?
-6
Calculate -3 + 0 + -44 + 34 + -35.
-48
What is the value of -27 + (10 - 41) + 135 + 14 + 4?
95
What is -17 - (128 - 149 - -13)?
-9
Evaluate 25 + -73 + (8 - (7 + -2 + -6)).
-39
What is the value of (290 - 276) + (-1 + -2 + 1 - 0)?
12
Evaluate -8 + -1 + -51 - (-23 - -48 - 22).
-63
Calculate 8 + (-15 - (8 - (5 - 17))) - -11.
-16
Evaluate (60 - (17 - 67)) + -206.
-96
(-6 - -5) + 1 + 11 + 7 + -3
15
(-15 - (-71 + 36)) + -14 - -17
23
Calculate -3 + 24 - (-248 + 266) - (-4 - 18).
25
Evaluate 64 + -46 + -42 - 3 - 55.
-82
Calculate 20 + 21 + 22 + -18 + -24.
21
(17 - 1) + -3 - (126 + (-15 - (-28 + 26)))
-100
Evaluate 7 - (-38 - (-33 + 60)).
72
What is the value of 53 + (39 - (35 + (-31 - -7)))?
81
Evaluate (6 - -50) + -15 + 15 + -25.
31
Calculate 145 + -136 + (6 - (-1 + 0)) - (108 - 90).
-2
Evaluate -80 - (-80 - (-69 - -99)).
30
2 - (-6 - -16 - 4) - -12 - -21
29
What is -6 + 12 + (-8 - (0 - (5 - (4 - -1))))?
-2
Calculate 64 + (-30 - -11) + -59.
-14
What is the value of 46 - ((242 - 283) + (2 - -71))?
14
Calculate (-64 - -33 - -55) + -40.
-16
What is the value of -1 + (-6 - -1) - (-670 - -672) - 14?
-22
Calculate 1 + (1 + (0 - 10) - (487 + -492)) + -21.
-24
-111 + (-91 - -89) - -46
-67
Evaluate -164 + 211 + (5 - 1 - 6) + 9.
54
What is 111 + (-16 - -29) + -17 - (-7 - -7 - -5)?
102
What is (-224 - -218) + (-58 - -1) + (-3 - (-5 - 1))?
-60
Calculate 153 + (103 - 127) + -47.
82
What is the value of -19 - 4 - (34 + (-204 - -91))?
56
Evaluate -22 - (-72 + 64 + (-67 - 12)).
65
Calculate 13 + (7 - 36 - -13) + -59 + (-3 - -7).
-58
What is the value of -9 + (18 - (-52 + (38 - 21)))?
44
What is the value of 32 + 7 - (-86 + 128) - ((0 - 75) + 2)?
70
93 + -110 + (-11 - (1 + -113))
84
77 + (-15 - 16 - (53 - 50))
43
What is 225897 + -225899 + -1 + -1 + 3 + -15?
-16
What is the value of (1 - -53) + -14 + (19 - -9 - 29)?
39
What is 22 + (69 + -69 - 38)?
-16
What is (2 - (48 + -36 + 0 + -17)) + 63?
70
4529 + -4542 + (-42 - (2 - 5))
-52
What is the value of 36 + -74 + 60 - -22?
44
What is 1 + (-45 - -1) - 1 - (495 + -1116 + 608)?
-31
-12 - (-14 - -121 - 74)
-45
Calculate -88 - (46 - 173) - 49.
-10
39205 + -39228 + (-1 + 0 - -5)
-19
Calculate 31 - 32 - (1 - (-14 + 7)) - 3.
-12
Evaluate -28 + 73 + (-66 - -50).
29
What is (-5 - (22 - 3)) + (24 - 28 - 72)?
-100
Calculate -10 + (68 - 26 - 47) - (-80 + 0 + 1).
64
38 + (-2 + -1 + 5 + 4 - 12) + -1
31
Calculate 6 + -43 + 5 + (-18 - 1 - (11 + -29)).
-33
(1 - -132) + (-15865 - -15798)
66
-4 - (-1 - 1) - -4 - 4 - (-379 - -406)
-29
What is (-18 - (-20 - -14)) + 16 + -1?
3
Evaluate 11 - 1 - (-30 - (12 - 15 - 6)).
31
What is the value of -4 + (9 - -30 - (9 - -4))?
22
What is the value of -28 - (10 - 18) - (14 - (-10 + 14))?
-30
Calculate 44 + -13 + (-6 - 1) + 12.
36
32 - (21 - 5 - (86 - 165))
-63
(-14 - 7) + -45 + -1
-67
What is the value of (421 - 469) + (9 - -2)?
-37
What is -8 - (-31 + (19 - 2) + 2 - 13)?
17
What is 20 + 1 - (-2064 - -2050)?
35
Calculate (3 - -10) + (6 - (-1 - (9 - (-3 + 26)))).
6
Calculate (-12 + -4 - (97 + -100)) + -18.
-31
Evaluate 154 + 11 + (42 - (-23 - -99)).
131
Calculate -3 - ((-10 - -12) + 13 - (8 - 8 - -3)).
-15
0 + (-17 - -5) - (-412 - -431)
-31
What is the value of (-61 - (13 + -11)) + -7 - -3 - (5 + -11)?
-61
What is -22 + 0 + (-39 + 47 - -33) + -3?
16
(33 - -12) + 1 - (-44 - -54)
36
Calculate 144 + -19 + -61 + -42.
22
Evaluate -12 + -85 + 70 + -1.
-28
Evaluate 61 + (-5 + 12 - (2 - (-5 + 12))).
73
Calculate 93 - (78 - (-60 - -90)).
45
What is (1 - -3 - -30) + (-2 - -5) + 12 + -13?
36
Calculate 35 + (-47 - -69) + -33.
24
Calculate (-54 - 5) + (-271 - -283).
-47
What is (62 - 25) + (-200 - -234)?
71
Evaluate 1 + -88 + (6 - 2) + 836 + -823.
-70
Evaluate 10 + -13 + (-12 - -74) - (2 - (-7 + 1)).
51
Evaluate 48 - (0 + 11 - ((188 - 175) + 7 + 0)).
57
Calculate -52 + (52 - (-50 - -88)).
-38
What is the value of -2 + 53 + -1 + 5 + -4 + 10 + -12?
49
(-2 - (-13 + 7)) + (-3 - 0) + 0 + -8
-7
What is -138 + (175 - 84) - -97?
50
-1 + 28 + (-35 - (-76 + 44))
24
Calculate -65 - (142 + -77 + -58).
-72
What is the value of (36 - (27 + -3)) + -12 + 12?
12
(-79 - (12 - -7 - 33)) + -8
-73
Evaluate -3 + (13 - -3) - -4 - (-473 - -464).
26
Evaluate (16 - -67) + -88 - -98.
93
Calculate (-29 - (-2 + 47)) + (3 - -10).
-61
What is the value of 4 + -45 + 1 + -1 + 5 + -210 + 203?
-43
Evaluate 12 - (-90 + -12) - (206 + -205).
113
Evaluate -122 + -1 - (975 + -1128).
30
Calculate 3 - ((-7 - (5 + 7)) + 9) - 13.
0
Calculate 1 + 5 + (27 - 37 - (-5 - -2)).
-1
What is the value of (-54 - (-25 - -8)) + (-26 - 0)?
-63
-54 - -58 - 66 - -4
-58
Evaluate 1 + -8 - -7 - (88 - 93).
5
Calculate (-20 - (-25 - -16 - (2 + 5))) + -33.
-37
Evaluate (17 - -1) + 44 + -34.
28
Calculate -15 - (-6 + 2 + 1 - (859 + -857) - 45).
35
-14 + 13 + 40 + -12
27
Evaluate -14 + 43 - -20 - 64.
-15
Evaluate -8 - ((-17 - -52) + (3 - 0) + -9 - -4).
-41
What is 109 + -1 + -412 + 428 + -26?
98
Evaluate (-2406 - -2365) + 87 + 3.
49
Calculate 4 + -17 + 29 + (-85 - -38).
-31
What is 8539 - 8561 - (-2 + 3 - (-1 - -14)) - 19?
-29
Evaluate (-103 - (-123 + 142)) + 179.
57
What is -96 - (27 + (-104 - -57))?
-76
What is the value of -6 + (-43 - (4 + -5 + (10 - (-2 - -9))))?
-51
What is the value of (18 + (-12 - -31) - 20) + 0 + -7?
10
What is 9 + (90 - (53 - -37) - (-2 + (25 - -2)))?
-16
Evaluate 133 - (20 + (66 - 34)).
81
What is -1 + 66 - (-22 + (-4 + -2 + 34 - 1))?
60
Evaluate -1664 + 1623 + (-9 - (1 - 6)) + 2 + 17.
-26
What is -11 + -1 + 1399 + -1392?
-5
What is the value of (-32 - -42 - (5 + 12)) + -17?
-24
(23 - (-43 + 81)) + (-112 - -1 - -2)
-124
36 + (-99 - -35) - -17 - (0 - 0 - 2)
-9
Calculate 15 + -10 - 6 - ((-65 - (7 - -3)) + -4).
78
9 + 0 + -15 + -78 + 122
38
Evaluate (0 - 2) + 10 + (5 - (-2 + 66) - -3).
-48
Evaluate (15 - (-54 + 2)) + -41.
26
Calculate (53 + -75 - (-20 - 0)) + -7.
-9
What is -23 + 3 - (397 + -465)?
48
What is the value of -7 - (-2 + -3 + 12) - 15 - 9?
-38
Evaluate -66 + 7 - (-10 + -9 + 6 + 27).
-73
Calculate 26 - ((-15 + 26 - -18) + -16).
13
Calculate (4 - -69 - -3 - 5) + 40 + -48.
63
What is 18 - (-28 + (31 - -50))?
-35
What is -25 - -39 - (-7 - -1 - (6 - 1))?
25
Evaluate 54 - 54 - -26 - (1 + 17).
8
Calculate -25 + (46 - -14) - 7.
28
Calculate -8 + -11 + 14 + 1 + (87 - 12 - -12).
83
-13 + (-25 - (25 - 64) - 104)
-103
What is (-22 - -19) + (9 - (86 + -10)) + -7?
-77
Evaluate -4 + (11 - 6) - (-21 + 15 - (47 + 1)).
55
What is the value of 58 + -17 + 7 - 40?
8
What is -1 + -1 + 10 + -4 - (-11 + -42 + -5)?
62
34 + (1 - 16) + (888 - 816)
91
What is the value of (-3 + -5 - 6) + 27 - (51 - -1)?
-39
What is (2 - ((-12 - 8) + 8)) + 5 - 9?
10
173 - 104 - 220 - -193
42
What is the value of -10 - (1 + -3) - (-10227 - -10245)?
-26
What is the value of -7020 + 7024 - ((-1 - ((-3 - -2) + 2)) + 5)?
1
32 + (-7 + 3 - -30) + 2 + -2
58
What is the value of -173 + -4 + -240 + 407?
-10
Evaluate -18 + 7 - (26 + -2 + -62).
27
Evaluate (0 + (-1 - -1) - (-13 + 4 - -13)) + 121.
117
What is the value of 58 - 52 - ((34 - -6) + 4 - -5)?
-43
What is the value of -27 - (-39 + 4 + (16 - -62))?
-70
What is the value of (-126 + 129 - (9 + 2 + 1)) + -31?
-40
-26 + 7 + (-6 - -4) + 15 + -13
-19
What is the value of 2 + (-2 - 112) - (-40 + -9 + 35)?
-98
Evaluate 99 + -1 + 1 + -3 + -263 + 253.
86
What is -63 - (12 - (-1 + 1 - 9 - (-4144 + 4121)))?
-61
What is the value of (-24 - -127 - 76) + 0 + -67?
-40
Calculate (-10 - (-20 + -3 + 5)) + -3 + 38.
43
Evaluate 51 + -8 - ((-17 - 18) + 35).
43
21 + 17 + -3 + -4 + -9 + (2 - 13)
11
-84 - (-52 + -23 + 19 + 32)
-60
Calculate (63 - (15 - -133)) + 87.
2
What is the value of 80 - (-10 - (20 + -49) - 0)?
61
Calculate (-390 - -468) + -16 + 1 + 1 + -1.
63
What is (31 - (-40 + 74 + (-4 - 4))) + (-27 - 1)?
-23
What is 3 - 5 - 5 - (46 - (36 + -7))?
-24
What is -32 + 9 + (-3 - 35) - -23?
-38
Evaluate (9 - 7 - -1) + -36 - 10.
-43
Evaluate 3 - (-8 + (15 - 4)) - -9 - 0.
9
(0 - 1) + (-22 - -13) + (-2 - -47)
35
What is the value of -83 + 0 - ((-184 - -18) + 159)?
-76
What is the value of (76 + -143 - -173) + -44?
62
Calculate -155 + 146 + 4 + -4 - (-126 + 5).
112
Calculate -35 - ((26 - 18) + -54 + 13).
-2
Calculate -2 + 3 + 16 - (21 + 14).
-18
What is the value of -365 + 331 + 2 + 111 - (1 - (-1 - 0))?
77
Evaluate 33 + (10 + -3 - 2) + (-7 + 3 - 5